*f, -4*x - 1 = 2*f + 11. Let n(t) = -54*t. Let s be n(f). Suppose 0 = 2*a + a - s. Calculate the remainder when a is divided by 19.
17
Let a be (0 - 1)/((-3)/6). Suppose -a*h + 243 = h. Suppose 0 = n - 4*n + h. What is the remainder when n is divided by 14?
13
Suppose -2*n - 16 = -4*n. Let c = 15 - n. Suppose -c = 3*q - 4, p - 13 = -2*q. Calculate the remainder when 44 is divided by p.
14
Let v = 0 - 1. Let b be (v - -11)/(-3 + 5). Suppose -3*c = -2*c + b, -3*c + 19 = 2*m. Calculate the remainder when 49 is divided by m.
15
Let d = 2 + 1. Suppose 8*a = d*a + 205. Calculate the remainder when a is divided by 14.
13
Suppose -2*w = -w + 81. Let v = -41 - w. Calculate the remainder when v is divided by 14.
12
Suppose -25 = 4*b - 89. What is the remainder when (-138)/9*(-3 - 0) is divided by b?
14
Let t(r) = -2*r**3 + 8. Calculate the remainder when t(-3) is divided by 16.
14
Let y(f) = 4*f - 2. Let v be 4/18 - (-16)/9. Suppose 0*d = v*d - 16. Calculate the remainder when y(6) is divided by d.
6
Suppose -4*g + 39 = -g + 2*j, 3*g = 2*j + 27. What is the remainder when g is divided by 6?
5
Let r(w) = 6*w - 12. Suppose -4*a - a + 2*p = -179, 2*a + p = 68. Calculate the remainder when a is divided by r(5).
17
Suppose 5*v - 18 = 3*r, -6*r + 4 = 2*v - 4*r. Let x(y) = 6*y + 45. Calculate the remainder when v is divided by x(-7).
0
Suppose -q - q + 20 = 5*k, -16 = -4*k - 5*q. Suppose -2*a + 72 = 5*p - 0*p, -k*p - a + 57 = 0. What is the remainder when 25 is divided by p?
11
Let f be (2/1)/((-4)/22). Let u = f - -33. Calculate the remainder when u is divided by 8.
6
Let z = 1 - 1. Let k(g) = 0*g + z*g + 2*g. Calculate the remainder when k(1) is divided by 2.
0
Let a = -222 + 426. Calculate the remainder when 51 is divided by a/15 - 3/5.
12
Let u(s) = -s**3 - 12*s**2 + 15*s + 28. Calculate the remainder when 9 is divided by u(-13).
1
Let z(p) = p**2 - 1. Let k be z(2). Let f(c) = -c**3 + 6*c**2 - 2*c + 1. Calculate the remainder when f(k) is divided by 8.
6
Let i(t) = t**3 + t + 3. Suppose 5*o = -5*n + 55, 0*o - o + 47 = 5*n. What is the remainder when i(3) is divided by n?
6
Let y be ((-3)/2)/(6/16). Suppose 0 = -5*s + 16 + 4. What is the remainder when 2/1 - (y + 0) is divided by s?
2
Let w = -67 - -31. What is the remainder when (-8)/w + (-169)/(-9) is divided by 11?
8
Let l(t) = -t**3 - 3*t**2 + 8*t + 8. Suppose -2*z + 4*g - 2*g = -76, 20 = -4*g. What is the remainder when z is divided by l(-5)?
15
Let d be 5*2/((-2)/1). Let s(q) = -8*q - 3. Let i be s(d). Let n = 5 + i. What is the remainder when n is divided by 22?
20
Let m(h) = 4*h - 5. Calculate the remainder when m(4) is divided by 4.
3
Suppose 5*p + 11 - 41 = 0. Calculate the remainder when 3/(9/p)*17 is divided by 9.
7
Calculate the remainder when 4 + 16 - 4/2 is divided by (-1 + 16/6)*3.
3
Let t(b) = -b**3 - 3*b**2 - 3*b. Let q = -14 + 27. Suppose -2*p + q = 1. What is the remainder when p is divided by t(-2)?
0
Let c = 10 + -5. Let o be 8/c*5/2. Suppose -37 - 15 = -o*n. What is the remainder when n is divided by 7?
6
Let q(k) = k. Calculate the remainder when 4 is divided by q(3).
1
Let n = 8 - -17. Suppose 5*y = -3*z + n, -z + 0*y + 2*y + 12 = 0. Calculate the remainder when z is divided by 4.
2
Let h(y) = 2*y + 16. Calculate the remainder when h(8) is divided by 12.
8
Suppose 10 = x + 2*d + 2, 0 = -4*d - 16. Let q = 23 - 47. Let c = q + 71. Calculate the remainder when c is divided by x.
15
Calculate the remainder when 76/(10/(-3) + 4) is divided by 39.
36
Suppose -2*y = -h - 5 - 0, 0 = -y + 3*h + 5. Suppose 3*j - 5*q - 41 = 0, 0*j + q - 10 = -2*j. What is the remainder when (-26)/(8/(-2) + y) is divided by j?
6
Let z be (-18)/(-3)*(-2)/(-6). Suppose -z*r = -42 - 16. Suppose -3*q = 3*y - 36, -2*y = -5*q + 38 + 8. Calculate the remainder when r is divided by q.
9
Let k(x) = -7*x**3 - 2*x**2 + 2*x + 3. Let z(g) = g**3 + 12*g**2 + 9*g - 6. Calculate the remainder when k(-2) is divided by z(-11).
15
Suppose -10*q = -3*q - 77. Calculate the remainder when q is divided by 4.
3
Let s = 6 + -5. Let d(i) = i**3 + 5*i**2 - i - 3. What is the remainder when d(-5) is divided by s?
0
Calculate the remainder when 18 is divided by ((-66)/88)/((-3)/16).
2
Suppose v - 3 + 0 = 0. Calculate the remainder when 8 is divided by v.
2
Suppose 2*q - 44 = -2*q. Suppose -2*r = -15 - q. What is the remainder when 50 is divided by r?
11
Let q = 159 - 85. Suppose 15*v - q = 14*v. What is the remainder when v is divided by (25/4)/(1/4)?
24
Let m be (1 - 1) + 164/4. Suppose 12 = -j + m. Calculate the remainder when j is divided by 10.
9
Let b = -121 - -136. What is the remainder when 72 is divided by b?
12
Suppose 4*d + 4*l - 112 = 0, d + d - 3*l = 51. Calculate the remainder when d is divided by 4 + -3 + (-18)/(-3).
6
Let n(r) = -2*r - 1. Suppose 5*x + 5 = -35. What is the remainder when n(x) is divided by 6?
3
Suppose 2*u + 9*u = 286. What is the remainder when 178 is divided by u?
22
Suppose -3*b = 2*b. Let m = b - -1. Suppose 4*t - 7 - m = 0. What is the remainder when 2 is divided by t?
0
Suppose -7*p + 9 = -61. What is the remainder when 69 is divided by p?
9
What is the remainder when 3*(50/15)/5 is divided by 2?
0
Let h(y) = 2*y**3 + 6*y**2 - 8*y + 3. Calculate the remainder when h(2) is divided by 7.
6
What is the remainder when 168/6*4/16 is divided by 5?
2
Let j(u) = -u**3 + 10*u**2 - 2*u - 4. What is the remainder when j(8) is divided by 37?
34
Calculate the remainder when (4/28*-148)/(6/(-21)) is divided by 20.
14
Suppose -982 = -6*g - 136. Calculate the remainder when g is divided by 36.
33
Suppose 3*o + z = 19 + 3, -o + 5 = -2*z. What is the remainder when 11 is divided by o?
4
Suppose 4*l = 15 - 15. Suppose 2*a - 3 = a. Suppose a*f - 21 = -l*f. What is the remainder when f is divided by 4?
3
Let f(c) = -3 - 1 - 3*c + 0. Let v(h) = h**2 + 6*h + 1. Let u be v(-5). Calculate the remainder when 31 is divided by f(u).
7
Suppose 5*t - 4 = 1. Suppose 0*p = 3*p - q - t, -5 = -q. Suppose -p*h = 4*w - 190, -4*w + 0*h = -3*h - 185. Calculate the remainder when w is divided by 12.
11
Suppose -2*z = -3*z - 4. Let t = z - -15. What is the remainder when 21 is divided by t?
10
Let b(l) = 2*l - 6. Let f be b(5). What is the remainder when (0 - 2) + 11*f is divided by 15?
12
Let m = 0 + 16. What is the remainder when 60 is divided by m?
12
What is the remainder when 77 is divided by (6/18)/((-3)/(-243))?
23
Let s be 6/21 + (-66)/(-14). Suppose -34 = -2*a - s*n + 98, -5*a + 2*n + 301 = 0. Let h = a + -31. What is the remainder when h is divided by 16?
14
Suppose 5*u = -5*v + 145, -5*v = -v + u - 107. Suppose -3*f + 12 = 0, x - v = -2*f - 4. Let p = 8 - 3. What is the remainder when x is divided by p?
4
Let f be 0/(-1) + -1 + 0. Let h = f - 13. Calculate the remainder when 19 is divided by (-4)/(-14) - 94/h.
5
What is the remainder when (-11)/(1 + 2*-1) is divided by (-4 + 0)*(-8)/8?
3
Let t(a) = 2*a**2 + a - 4. Let x(k) = 2*k + 28. Calculate the remainder when t(-5) is divided by x(-7).
13
Suppose l + 5*s - 1 + 20 = 0, -2*l - 3*s - 10 = 0. Calculate the remainder when (6 + -4)*l*7 is divided by 8.
6
Let c = 9 + -4. Suppose 0 = -c*v + 4*h + 63, 0 = -5*v - 4*h + 64 + 23. What is the remainder when v is divided by 4?
3
What is the remainder when (-2)/((-10)/15 - 0) is divided by 1?
0
Let m be ((-66)/((-6)/(-2)))/(-2). Let u = -1 + m. Calculate the remainder when u is divided by 3.
1
Suppose 0 = -5*r + q + 120, 0 = -5*q + 39 - 14. Let a(c) = -c + 7. Let o(i) = -i - 1. Let s be o(6). What is the remainder when r is divided by a(s)?
11
Let k = 16 - -5. Calculate the remainder when 35 is divided by k.
14
Let l be (-5)/(-1) + (-6 - -4). Suppose -l*j + 6*j = -5*g + 91, 3*g = -j + 57. What is the remainder when g is divided by 0 + 2 + 7 - -2?
9
Calculate the remainder when (4 - (-18 + -5)) + 4 is divided by 17.
14
Let o be ((-244)/(-16))/(1/4). Suppose -o - 23 = 2*k. What is the remainder when 20 is divided by (k/(-3*1))/2?
6
Let b = 34 - -15. Calculate the remainder when b is divided by 1/(72/(-75) + 1).
24
Let x(v) = 2*v**2 + v + 2. Suppose 4 - 2 = -l. Let s = -3 - -18. What is the remainder when s is divided by x(l)?
7
Let y be (-1)/7 + (-339)/(-21). Suppose 4*s = 60 - y. Let p = 7 - 3. What is the remainder when s is divided by